ded by 5100.
79
Calculate the remainder when 95067 is divided by 227.
181
What is the remainder when 42315978 is divided by 14105309?
51
Calculate the remainder when 319706 is divided by 3006.
1070
Calculate the remainder when 21273021 is divided by 57.
51
Calculate the remainder when 7028899 is divided by 702888.
19
Calculate the remainder when 385140 is divided by 56.
28
What is the remainder when 21776 is divided by 6081?
3533
What is the remainder when 1523769 is divided by 139?
51
Calculate the remainder when 3940004 is divided by 1512.
1244
Calculate the remainder when 10177845 is divided by 1453973.
34
What is the remainder when 22513 is divided by 742?
253
Calculate the remainder when 9925989 is divided by 1648.
85
Calculate the remainder when 100862381 is divided by 23.
21
What is the remainder when 6852009 is divided by 2199?
2124
Calculate the remainder when 759389 is divided by 3413.
1703
Calculate the remainder when 127593 is divided by 2553.
2496
What is the remainder when 2284651 is divided by 571155?
31
What is the remainder when 74958982 is divided by 7845?
7
Calculate the remainder when 958203222 is divided by 22.
20
Calculate the remainder when 462409 is divided by 232.
33
Calculate the remainder when 34717 is divided by 8432.
989
Calculate the remainder when 1428462 is divided by 1413.
1332
What is the remainder when 381359 is divided by 294?
41
Calculate the remainder when 16939706 is divided by 12651.
17
What is the remainder when 100624 is divided by 6289?
0
What is the remainder when 234898 is divided by 1005?
733
Calculate the remainder when 3417794 is divided by 9441.
152
What is the remainder when 1119695 is divided by 1923?
509
Calculate the remainder when 20710968 is divided by 2061.
2040
What is the remainder when 888230 is divided by 73949?
842
What is the remainder when 176547 is divided by 15862?
2065
What is the remainder when 175388466 is divided by 88?
66
What is the remainder when 1258661 is divided by 1175?
236
What is the remainder when 197474 is divided by 14091?
200
What is the remainder when 17179774 is divided by 1037?
832
Calculate the remainder when 477543518 is divided by 1706.
1704
Calculate the remainder when 775664 is divided by 43.
30
Calculate the remainder when 621233 is divided by 39.
2
Calculate the remainder when 129482 is divided by 32367.
14
What is the remainder when 534111 is divided by 429?
6
What is the remainder when 53957649 is divided by 71?
63
What is the remainder when 1052018 is divided by 3757?
58
What is the remainder when 115574023 is divided by 25?
23
Calculate the remainder when 36011361 is divided by 12.
9
What is the remainder when 5898960 is divided by 21?
18
What is the remainder when 21922 is divided by 10599?
724
Calculate the remainder when 2645863 is divided by 948.
943
What is the remainder when 60184101 is divided by 1583792?
5
What is the remainder when 7509 is divided by 6397?
1112
What is the remainder when 827976 is divided by 275968?
72
What is the remainder when 7733005 is divided by 63385?
35
Calculate the remainder when 81786802 is divided by 121.
119
What is the remainder when 144390 is divided by 9459?
2505
What is the remainder when 253837 is divided by 233?
100
What is the remainder when 131390 is divided by 383?
21
What is the remainder when 498087 is divided by 695?
467
Calculate the remainder when 781993 is divided by 3241.
912
What is the remainder when 2782515 is divided by 349?
287
Calculate the remainder when 2034469 is divided by 307.
287
Calculate the remainder when 21940395 is divided by 149.
145
What is the remainder when 86612 is divided by 2250?
1112
What is the remainder when 5303890 is divided by 43?
12
Calculate the remainder when 1881498 is divided by 376287.
63
Calculate the remainder when 96685431 is divided by 3942.
3939
What is the remainder when 66837280 is divided by 9?
4
Calculate the remainder when 82484969 is divided by 67.
63
Calculate the remainder when 1089100 is divided by 16.
12
What is the remainder when 144394947 is divided by 21?
18
Calculate the remainder when 26866742 is divided by 268.
10
What is the remainder when 3977670 is divided by 228?
210
What is the remainder when 207637842 is divided by 3681?
3675
Calculate the remainder when 78176 is divided by 37731.
2714
What is the remainder when 1012934 is divided by 506433?
68
What is the remainder when 165366 is divided by 870?
66
Calculate the remainder when 670534 is divided by 6208.
70
Calculate the remainder when 3961583 is divided by 842.
815
What is the remainder when 2945470 is divided by 764?
250
Calculate the remainder when 179465 is divided by 29239.
4031
What is the remainder when 1284958 is divided by 1284618?
340
Calculate the remainder when 897720 is divided by 1805.
635
What is the remainder when 31663696 is divided by 19606?
6
Calculate the remainder when 50927632 is divided by 54.
16
What is the remainder when 235019 is divided by 495?
389
What is the remainder when 11319 is divided by 120?
39
Calculate the remainder when 4482886 is divided by 5487.
7
Calculate the remainder when 156927390 is divided by 4113.
4101
What is the remainder when 5268523 is divided by 90?
13
Calculate the remainder when 51704128 is divided by 112.
0
What is the remainder when 424657 is divided by 1614?
175
What is the remainder when 713589 is divided by 574?
107
Calculate the remainder when 4980747 is divided by 92236.
3
What is the remainder when 52742 is divided by 768?
518
What is the remainder when 97703879 is divided by 223?
220
What is the remainder when 9831457 is divided by 161?
153
Calculate the remainder when 368175 is divided by 46021.
7
What is the remainder when 64293 is divided by 1824?
453
Calculate the remainder when 13800624 is divided by 125.
124
What is the remainder when 49662 is divided by 16427?
381
What is the remainder when 29364675 is divided by 44?
43
Calculate the remainder when 3353980 is divided by 1374.
46
What is the remainder when 117099832 is divided by 31?
29
What is the remainder when 6427016 is divided by 409?
399
What is the remainder when 118289 is divided by 44?
17
Calculate the remainder when 12647348 is divided by 9.
8
Calculate the remainder when 51339 is divided by 12794.
163
What is the remainder when 11767400 is divided by 239?
235
Calculate the remainder when 1735057 is divided by 867517.
23
What is the remainder when 134234 is divided by 126?
44
What is the remainder when 62092 is divided by 288?
172
Calculate the remainder when 37509796 is divided by 409.
406
Calculate the remainder when 318317 is divided by 1220.
1117
Calculate the remainder when 45627822 is divided by 7.
2
What is the remainder when 58187700 is divided by 34?
32
What is the remainder when 3385479 is divided by 235?
69
Calculate the remainder when 363656 is divided by 57.
53
Calculate the remainder when 8699758 is divided by 8699753.
5
What is the remainder when 6842774 is divided by 1710687?
26
Calculate the remainder when 53111929 is divided by 2574.
13
Calculate the remainder when 54977692 is divided by 2746.
26
Calculate the remainder when 43690062 is divided by 184.
182
What is the remainder when 203380857 is divided by 68?
65
Calculate the remainder when 49366 is divided by 3353.
2424
Calculate the remainder when 1571265 is divided by 37411.
3
Calculate the remainder when 46914960 is divided by 13.
1
Calculate the remainder when 283369126 is divided by 94456369.
19
Calculate the remainder when 56259 is divided by 1373.
1339
Calculate the remainder when 11249269 is divided by 2249844.
49
Calculate the remainder when 1002664 is divided by 1271.
1116
Calculate the remainder when 291256 is divided by 662.
638
Calculate the remainder when 113424 is divided by 47.
13
Calculate the remainder when 105492 is divided by 52487.
518
Calculate the remainder when 2129813 is divided by 35.
28
What is the remainder when 60111 is divided by 19891?
438
What is the remainder when 1621678 is divided by 663?
643
Calculate the remainder when 82649145 is divided by 1311891.
12
Calculate the remainder when 906408 is divided by 80.
8
Calculate the remainder when 10238546 is divided by 1179.
110
Calculate the remainder when 10602 is divided by 4524.
1554
What is the remai